?
178
Calculate the remainder when 517110 is divided by 84.
6
Calculate the remainder when 10293 is divided by 28.
17
What is the remainder when 663 is divided by 299?
65
Calculate the remainder when 10255 is divided by 171.
166
What is the remainder when 29084 is divided by 28?
20
What is the remainder when 751 is divided by 376?
375
What is the remainder when 143743 is divided by 14373?
13
What is the remainder when 2855 is divided by 2690?
165
What is the remainder when 135687 is divided by 230?
217
What is the remainder when 62991 is divided by 253?
247
What is the remainder when 108851 is divided by 44?
39
Calculate the remainder when 21127 is divided by 8.
7
Calculate the remainder when 2997 is divided by 86.
73
Calculate the remainder when 505030 is divided by 66.
64
Calculate the remainder when 30054 is divided by 26.
24
Calculate the remainder when 3498 is divided by 2788.
710
What is the remainder when 50091 is divided by 4154?
243
Calculate the remainder when 6715 is divided by 6626.
89
What is the remainder when 15429 is divided by 14997?
432
Calculate the remainder when 910 is divided by 45.
10
Calculate the remainder when 8310 is divided by 922.
12
Calculate the remainder when 175390 is divided by 609.
607
Calculate the remainder when 48332 is divided by 150.
32
Calculate the remainder when 3592 is divided by 643.
377
What is the remainder when 394313 is divided by 620?
613
Calculate the remainder when 32351 is divided by 279.
266
Calculate the remainder when 2333 is divided by 2299.
34
Calculate the remainder when 2391684 is divided by 121.
119
Calculate the remainder when 34110 is divided by 254.
74
Calculate the remainder when 4954 is divided by 704.
26
What is the remainder when 10422 is divided by 115?
72
What is the remainder when 256540 is divided by 58?
6
What is the remainder when 44023 is divided by 21967?
89
What is the remainder when 482056 is divided by 249?
241
Calculate the remainder when 56962 is divided by 47.
45
What is the remainder when 202399 is divided by 1760?
1759
Calculate the remainder when 64017 is divided by 132.
129
What is the remainder when 800 is divided by 434?
366
What is the remainder when 20723 is divided by 70?
3
What is the remainder when 11755 is divided by 3909?
28
Calculate the remainder when 723 is divided by 158.
91
What is the remainder when 9926627 is divided by 109?
106
Calculate the remainder when 13287 is divided by 24.
15
Calculate the remainder when 16019 is divided by 534.
533
Calculate the remainder when 9647 is divided by 962.
27
Calculate the remainder when 145436 is divided by 45.
41
What is the remainder when 21253 is divided by 18?
13
Calculate the remainder when 34988 is divided by 5.
3
Calculate the remainder when 2288886 is divided by 49.
47
What is the remainder when 1158 is divided by 19?
18
Calculate the remainder when 17864 is divided by 1279.
1237
What is the remainder when 239530 is divided by 12?
10
Calculate the remainder when 4699 is divided by 1550.
49
Calculate the remainder when 35755 is divided by 190.
35
Calculate the remainder when 13384 is divided by 23.
21
What is the remainder when 94073 is divided by 818?
3
What is the remainder when 65705 is divided by 494?
3
What is the remainder when 2144 is divided by 452?
336
Calculate the remainder when 4170 is divided by 99.
12
What is the remainder when 5320 is divided by 1125?
820
Calculate the remainder when 71294 is divided by 1876.
6
What is the remainder when 8388 is divided by 2661?
405
Calculate the remainder when 37656 is divided by 4694.
104
What is the remainder when 26009 is divided by 5184?
89
What is the remainder when 3900 is divided by 787?
752
Calculate the remainder when 13554 is divided by 27.
0
What is the remainder when 127009 is divided by 42320?
49
What is the remainder when 8409 is divided by 669?
381
Calculate the remainder when 489977 is divided by 215.
207
What is the remainder when 91726 is divided by 91?
89
What is the remainder when 186519 is divided by 40?
39
What is the remainder when 6975 is divided by 349?
344
What is the remainder when 2431 is divided by 79?
61
Calculate the remainder when 1437 is divided by 183.
156
What is the remainder when 57092 is divided by 13?
9
What is the remainder when 382297 is divided by 402?
397
What is the remainder when 6770 is divided by 244?
182
Calculate the remainder when 11 is divided by 3.
2
What is the remainder when 5258 is divided by 44?
22
Calculate the remainder when 1245400 is divided by 9.
7
What is the remainder when 15813 is divided by 359?
17
What is the remainder when 2290 is divided by 313?
99
Calculate the remainder when 6761 is divided by 4.
1
Calculate the remainder when 3029 is divided by 177.
20
What is the remainder when 6705 is divided by 986?
789
What is the remainder when 7247 is divided by 68?
39
Calculate the remainder when 19417 is divided by 718.
31
Calculate the remainder when 85449 is divided by 74.
53
Calculate the remainder when 107503 is divided by 65.
58
What is the remainder when 3440 is divided by 103?
41
Calculate the remainder when 12014 is divided by 34.
12
Calculate the remainder when 1666 is divided by 360.
226
What is the remainder when 5200 is divided by 592?
464
What is the remainder when 24560 is divided by 3070?
0
What is the remainder when 2794522 is divided by 931507?
1
Calculate the remainder when 8949 is divided by 185.
69
What is the remainder when 2094 is divided by 125?
94
What is the remainder when 20326 is divided by 107?
103
Calculate the remainder when 86979 is divided by 133.
130
Calculate the remainder when 1097 is divided by 269.
21
What is the remainder when 1577 is divided by 217?
58
Calculate the remainder when 38434 is divided by 149.
141
Calculate the remainder when 17189 is divided by 467.
377
What is the remainder when 870 is divided by 53?
22
Calculate the remainder when 476826 is divided by 13.
12
What is the remainder when 3058 is divided by 337?
25
Calculate the remainder when 976 is divided by 363.
250
What is the remainder when 11362 is divided by 2209?
317
What is the remainder when 971358 is divided by 323781?
15
Calculate the remainder when 24018 is divided by 26.
20
What is the remainder when 145915 is divided by 24317?
13
What is the remainder when 23203 is divided by 82?
79
What is the remainder when 389025 is divided by 240?
225
What is the remainder when 6018 is divided by 1201?
13
Calculate the remainder when 56499 is divided by 8070.
9
What is the remainder when 49173 is divided by 7?
5
Calculate the remainder when 79754 is divided by 1595.
4
What is the remainder when 14857 is divided by 144?
25
Calculate the remainder when 3603 is divided by 583.
105
Calculate the remainder when 662231 is divided by 53.
49
Calculate the remainder when 1008422 is divided by 541.
539
What is the remainder when 44458 is divided by 5?
3
What is the remainder when 9132 is divided by 340?
292
What is the remainder when 239344 is divided by 12?
4
What is the remainder when 668197 is divided by 677?
675
What is the remainder when 4921048 is divided by 1857?
1855
What is the remainder when 5801 is divided by 74?
29
Calculate the remainder when 21700 is divided by 867.
25
Calculate the remainder when 78630 is divided by 171.
141
Calculate the remainder when 3546 is divided by 697.
61
Calculate the remainder when 40170 is divided by 242.
240
What is the remainder when 387819 is divided by 96953?
7
Calculate the remainder when 61265 is divided by 10209.
11
Calculate the remainder when 7198 is divided by 150.
148
What is the remainder when 1023627 is divided by 104?
59
Calculate the remainder when 11174 is divided by 2790.
14
Calculate the remainder when 120975 is divided by 568.
559
What is the remainder when 253974 is divided by 867?
810
What is the remainder when 264 is divided by 112?
40
What is the remainder when 50782 is divided by 12?
10
Calculate the remainder when 183307 is divided by 36.
31
What is the remainder when 1694 is divided by 27?
20
What is the remainder when 305503 is divided by 446?
439
What is the remainder when 19903 is divided by 256?
191
What is the remainder when 3432725 is divided by 54?
53
What is the remainder when 23853 is divided by 7853?
294
Calculate 